
Let j = -87 - -84. What is the hundreds digit of (-752)/j + 14/(-21)?
2
Let l(a) = -a**3 - 16*a**2 + 41*a - 98. What is the hundreds digit of l(-22)?
9
Suppose 5*d + 10 = 0, -66*v = -69*v + 3*d + 3729. What is the hundreds digit of v?
2
Suppose -19*t + 27*t - 5488 = 0. What is the units digit of t?
6
Let g = 11 - 14. Let t = -12 + g. Let x = t + 30. What is the tens digit of x?
1
Let h be (-8)/(-20) - 2/5. What is the units digit of (42 + h)*(14 - 13)?
2
Suppose 2*t + 816 = 8846. What is the tens digit of t?
1
Let j(f) = 2*f**2 + 15*f + 6. Let x be j(-11). Suppose 0 = -c + x + 69. What is the tens digit of c?
5
What is the units digit of (-28545)/(-275)*(9 + 1)?
8
Suppose 0 = 8*i - 3387 - 3213. Suppose i + 663 = 8*y. What is the tens digit of y?
8
Suppose -f = -3*v - 2*v - 5, -5*v + 35 = 3*f. Let d be f/15 + (-38)/3. What is the tens digit of (9/d)/((-1)/24)?
1
Suppose u = -5*z + 1144, 231 = z - 2*u - 0*u. Let c = z - 89. What is the tens digit of c?
4
Let p = 188 - -61. What is the units digit of p?
9
Let u = 86 + -59. Suppose 5*g = u + 108. Let r = g - 17. What is the tens digit of r?
1
Let t(b) = -16 + 0 - 36*b - 60*b. What is the units digit of t(-2)?
6
Suppose -3*s + 5173 = 4*f - 10320, 5*s = -3*f + 11628. What is the thousands digit of f?
3
Suppose -56*t + 68*t - 20616 = 0. What is the units digit of t?
8
What is the hundreds digit of 1/3 - 1136/(-3)?
3
Let u = 187 - -19. What is the units digit of u?
6
Suppose 4*s + 0*s = -1032. Let w = 456 + s. What is the units digit of w?
8
Suppose -4*r = -y - 1535, -3*r + 2*y = -3*y - 1147. Suppose 4*o = -5*c + r, -5*c + 4*c = -4*o - 72. What is the units digit of c?
6
Let o = -17 + 21. Suppose o*u - u = 0. Suppose u = -2*c - 3*c + 115. What is the tens digit of c?
2
Suppose -5*c + 709 = -2661. What is the hundreds digit of c?
6
Suppose 4*t = 20, 0*t - 2*t - 538 = -2*k. Suppose -41 = 3*l - 4*m, 4*m + 12 = 2*l + 38. What is the units digit of 10/l + k/6?
5
Let w = 988 - 517. What is the hundreds digit of w?
4
Let g = -6 - 21. Let v = 43 + g. What is the units digit of v?
6
Let j be 215 + -1 - (6 + -3 + -4). Let l = j - -23. What is the hundreds digit of l?
2
Let c = 43 + -239. Let o = 287 + c. What is the tens digit of o?
9
Let l(i) = i**3 + 6*i**2 + 9. Let o be l(-7). Let j(f) = f**3 + 4*f**2 - 6*f - 6. Let h be j(-5). What is the units digit of (4 - h)*(-48)/o?
6
Suppose 0 = 11*d - 15*d - 48. Let p = 33 + d. What is the units digit of 972/21 - 6/p?
6
Let q(o) = -11*o**3 - 3*o**2 + 12*o + 12. What is the units digit of q(-3)?
6
What is the tens digit of 192/88 - 2 - (-8853)/11?
0
Let q = -1691 + 2806. What is the tens digit of q?
1
Let m be (8/6)/(3 + (-208)/69). Let p = m - -132. What is the tens digit of p?
4
Let t(i) = 6*i**3 - 4*i + 9. Let a(w) = -5*w + w + 2*w**2 - w**2 + 5*w**3 + 0*w**2 + 9. Let g(m) = 7*a(m) - 6*t(m). What is the tens digit of g(6)?
2
Let q(y) = -241*y + 47. Let x(b) = -161*b + 32. Let i(s) = 5*q(s) - 7*x(s). What is the tens digit of i(-4)?
2
Suppose 5*i + n + 22197 = 0, -2*i = -3*i + n - 4443. What is the hundreds digit of ((-2)/3)/(5/i*4)?
1
Suppose 2*y - 184 = -5*u, 2*y - 11 = u + 173. What is the units digit of y?
2
Let w(u) = -11*u - 21. What is the tens digit of w(-13)?
2
Suppose 47*y - 3612 = 31262. What is the hundreds digit of y?
7
Let p be (-6)/15 - (0 - (-1719)/15). Let o = p + 177. What is the tens digit of o?
6
Suppose -4*f + z = 5*z + 48, -f = 5*z + 32. Let n = f - -22. What is the tens digit of n?
1
Let s(d) = 2*d**3 - 10*d**2 + 7. What is the units digit of s(9)?
5
Suppose 3*n - 13 = 2. Let u = 10 - n. What is the units digit of 2/u - 126/(-10)?
3
Suppose -837 = -3*l + 156. Suppose 2*n - 2*g = 222, -l = -3*n + g + g. What is the hundreds digit of n?
1
Let y = 651 - 251. What is the hundreds digit of y?
4
Suppose 4*a = -11 + 35. Let z(j) = -j**3 + 6*j**2 - j - 3. Let v be z(a). Let k(d) = d + 15. What is the units digit of k(v)?
6
Suppose 4181 = 9*t - 3604. What is the units digit of t?
5
Suppose 2*l = 6*l - 8. Let c be 8 + (l + 1)/(-1). Suppose -8*g = -c*g - 99. What is the tens digit of g?
3
Suppose -3*h = -3, 11*r - 2*h + 798 = 13*r. What is the hundreds digit of r?
3
Let z be (4/5)/(1/((-20)/(-8))). What is the tens digit of ((-6)/(-15))/(z/280)?
5
Suppose -5*h - 254 = -4094. What is the units digit of h?
8
Let m(q) = 8*q - 9. Suppose 5*o + 2*d = 37, -4*o - 3*d + 33 = 2*d. Let n(g) = -7*g + 9. Let u(y) = o*n(y) + 6*m(y). What is the units digit of u(6)?
3
Let g be ((-9)/(-2))/(33/(-1100)). Let h = 294 + g. What is the hundreds digit of h?
1
Let g(o) = 3*o + 27. Let b be g(-11). Let m(p) = -48*p - 36. What is the units digit of m(b)?
2
Let j(h) = h**3 + 3*h**2 - h + 4. Suppose -4*v + 2*q = 12, 2*v + 5 = 3*q - 1. Let x be j(v). What is the units digit of x - 0 - 1*3?
4
Suppose -k = k - 58. Let n = k - 20. What is the units digit of n/6 - 134/(-4)?
5
Let y = 51 - 46. What is the hundreds digit of 2/(-5) + 522/y?
1
What is the tens digit of -6*11/9*-114?
3
Suppose 20 + 142 = 3*h. Let y = 77 - h. What is the tens digit of y?
2
Let z(c) = c**2 - 8*c + 194. What is the units digit of z(-31)?
3
Suppose 0 = -5*k + 20 - 0. Let n(y) = 15*y - k*y - 4 + 3*y. What is the tens digit of n(2)?
2
Let v = 1727 - 1166. What is the units digit of v?
1
Suppose 2*m - 79 = -t, 2*t = 4*m - 2*m + 182. What is the units digit of t?
7
Let m = 357 - 238. Suppose 2*y - 250 = 2*h, -y + h - 6*h + m = 0. What is the hundreds digit of y?
1
Let g(f) = 2*f**3 - 23*f**2 - 27*f + 20. What is the tens digit of g(15)?
9
Let f = 738 + -526. What is the tens digit of f?
1
Let q = -35 + 65. Let u be q/12 - (-1)/(-2). Suppose -u*h - 3*h + 5 = 2*f, 3*h = -f + 4. What is the units digit of h?
3
Suppose w = -3*v - 6 - 6, -5*w + 8 = -2*v. What is the tens digit of (-18 + w)/(2/(-11))?
9
Suppose -c + 199 + 791 = 0. What is the units digit of c?
0
Let m be (-5 - -2)/((-1)/(-1)). What is the tens digit of (-40)/m*228/95?
3
Let v be -2 + (2 - 10)/(2/13). Let j(t) = -18*t**2 - 3*t + 1. Let x be j(2). Let p = v - x. What is the units digit of p?
3
Let a be -2 + -1 + 0*3/(-6). What is the units digit of (25/(-2) - a)*(-2 + 0)?
9
Suppose -3*y - 20262 = -25*y. What is the tens digit of y?
2
Let f = -1 + 5. Suppose f*n + 32 = r, 11 = 3*r - 3*n - 49. Let c = r + 12. What is the units digit of c?
8
Let n(b) = -b**3 + 5*b**2 + 4*b - 4. Let l be n(6). What is the units digit of 1815/40 + 6/l?
5
Let g = -64 + 71. What is the hundreds digit of g/((-14)/(-5))*80?
2
Let y be (4 + 20/(-5))/(-1). Suppose -2*i + 5*i - 195 = y. What is the units digit of i?
5
Suppose -58*f + 14740 = -54*f. What is the hundreds digit of f?
6
Suppose -637 = -22*g + 639. Suppose 42 = 2*o - 162. Let b = o - g. What is the tens digit of b?
4
Let k be (-5)/((-15)/114) + -3. Suppose 5*q - 34 = 3*l - 0*l, 0 = -5*q - l + 22. Suppose q*y - 165 = -k. What is the tens digit of y?
2
What is the units digit of (-6173 + 7)*(-6)/12?
3
Let h(v) = -v**3 + 6*v**2 + 27*v + 12. Let j(g) = g**2 + 5*g - 15. Let c be j(-8). What is the tens digit of h(c)?
1
Let r(f) = -5*f**3 - 3*f**2 - 5*f - 10. What is the units digit of r(-8)?
8
Let x(g) = 1448*g**2 - 9*g - 4. What is the hundreds digit of x(-1)?
4
Suppose 4*s - 2108 = 3*z - 4*z, -2*s = z - 1052. What is the tens digit of s?
2
Let w(o) = 18*o**3 + 31*o - 127. What is the units digit of w(4)?
9
Let q be ((-64)/80)/(4/(-10)). Let f(v) = v - 4*v**2 + 9*v**q - 2 + 6*v**2. What is the units digit of f(-2)?
0
Suppose -5*u - 1080 = -15*u. Suppose -3*c = 3*p - 147, -2*c + 2*p - 22 = -u. What is the units digit of c?
6
Suppose 5*u - 4*u = -6. Let b be (20/(-40))/(2/324). What is the tens digit of 1/u*2*b?
2
Let q = 367 + 339. Suppose 738 = a + 2*a + 3*v, 3*a = 5*v + q. What is the units digit of a?
2
Suppose 0 = 31*x - 5*x - 46410. What is the thousands digit of x?
1
Let y(s) = 11 - 7 + s + s**2 - 2 - 3. Let a(w) = 3*w**2 - w - 5. Let l(f) = -a(f) + 5*y(f). What is the units digit of l(-4)?
8
Suppose 0*j + 296 = -4*j. Let o = -33 - j. Suppose l + 5*i = 5*l - 131, o = l - 4*i. What is the units digit of l?
9
Suppose 5*y - 1457 = -5*o + 403, 0 = -3*o - 6. Suppose 2*c - 4*i - y = 0, -c + 4*i + 191 = -0*i. What is the units digit of c?
3
Suppose -3*y + 55 = -3*x - 1718, -2358 = -4*y - 2*x. Suppose 23*z - 18*z - y = 0. 